it of (5 - (-585)/(-25))/((-1)/g)?
9
Suppose -3*f + 36 = -f. Let j = f + -17. What is the units digit of j?
1
Let r(l) = 2*l + 12. Let s be r(-5). Suppose 0 = 5*q - 3*v, -s*v + 4*v = 0. Suppose q = 5*u - 15 - 105. What is the tens digit of u?
2
Suppose -5 = 3*y - 44. Let v(o) = -o + 18. Let h(i) = i - 19. Let l(w) = -6*h(w) - 5*v(w). What is the tens digit of l(y)?
1
What is the tens digit of 11000/70 - 30/(-35)?
5
Let d = 389 - 380. Suppose 4 = -b - 4*g, 0*g = -4*b + 3*g + 22. Suppose -3*j + b*j - d = 0. What is the units digit of j?
9
What is the tens digit of 1101*(12/(-27))/(4/(-3))?
6
Let p be 4/(-10) + 2/5. Suppose 5*f - 36 - 89 = p. Let x = f - -10. What is the tens digit of x?
3
Suppose -2*p - 5*c - 9 = 0, 3*p = -0*p + 4*c + 21. Let f = 51 - 51. Suppose f = 4*z + 3*h - 1, -h - h = 5*z - p. What is the units digit of z?
1
Let y(h) = -19*h**2 - 3*h + 1. Let a(k) = 20*k**2 + 2*k - 1. Let r(d) = 5*a(d) + 4*y(d). What is the tens digit of r(2)?
9
Suppose 2*y + 10 = -2*q, -5*q - 33 - 6 = -2*y. Let o(i) = -2*i + 38. What is the units digit of o(q)?
2
Suppose -12*l - 6594 = -33*l. What is the tens digit of l?
1
Let d = 2564 - 2489. What is the tens digit of d?
7
Let o = 13 - 49. What is the units digit of (o/7)/((-12)/56)?
4
Suppose 0 = -4*s + 6*s - 2. What is the units digit of 76 + -15 + -3*s?
8
Suppose -9*w - 64*w + 144029 = 0. What is the hundreds digit of w?
9
Let b(i) = 0 + 5*i + 1 - 10 - 2. What is the units digit of b(17)?
4
Suppose 5*k = -4*d + 10*k + 262, -d - k + 61 = 0. What is the units digit of d?
3
Let j be 5/(-20) + (-237)/12. Let x be (-86)/5*j/8. Let r = -27 + x. What is the tens digit of r?
1
Let j(u) = -10*u**3 + 10*u**2 + 18*u + 72. What is the thousands digit of j(-7)?
3
Let d(r) = -r**3 - 32*r**2 + 5*r - 8. What is the tens digit of d(-33)?
1
Suppose -7*d + 4 = -5*d. Suppose 12 = d*y + 4*y. What is the units digit of (-13)/((y + 2)/(-4))?
3
Suppose 8*h - 55 = 3*h - 3*b, -5*b = 4*h - 57. Let y(c) be the second derivative of 5*c**3/6 - 10*c**2 + c. What is the units digit of y(h)?
0
Suppose 0 = -5*v + 5, 3*x - v = -21 - 16. Let p = 60 - x. What is the units digit of p?
2
Let i(u) = -u**2 + 6*u + 9. Let n be i(6). Let s = n + -5. Suppose -80 = -s*x - 0*a + 3*a, x + 5*a = 20. What is the tens digit of x?
2
Suppose -11*p + 4183 = -932. Suppose -j = -5*s - 3*j + 578, 4*s - j - p = 0. What is the units digit of s?
6
Let h = 18 + 213. Let x = -92 + h. What is the tens digit of x?
3
Let h = -74 + 135. Let l = -42 + h. Suppose -b + 0*b = -l. What is the tens digit of b?
1
Suppose 1567 = a + 30*x - 26*x, 3*x - 1567 = -a. What is the units digit of a?
7
Suppose -6*m + m = -c + 147, 0 = -c + 4*m + 142. What is the hundreds digit of c?
1
Suppose 3*d - 339 = -3*o, 4*d + 21 = 3*o + 452. Suppose -13*s + 1593 = -d. What is the hundreds digit of s?
1
Suppose 7*m = 17*m - 1360. What is the units digit of m?
6
Suppose -8*i = 3*i - 6105. What is the units digit of i?
5
What is the units digit of ((-1)/((-5)/(-12)))/((-1)/215)?
6
Suppose 3*k = -2*i - 2*k + 8, -i = -k - 4. Suppose 3*r + j = 86, -4*r + i*j = 2*j - 128. What is the tens digit of r?
3
Suppose -2*w + 738 + 268 = 0. What is the tens digit of w?
0
Suppose 798*j = 794*j + 1772. What is the tens digit of j?
4
Let s be 5 - 2 - 69/1. Let p = s + 126. Suppose 2*j - p = -12. What is the units digit of j?
4
Suppose 0 = 2*w + 7 + 5. Let d(u) = -177 - 9*u + 2*u + 158. What is the tens digit of d(w)?
2
Let o = -1004 - -1954. What is the units digit of o?
0
Let k = 8 - 4. What is the units digit of ((-6)/k)/(27/(-18))*123?
3
Suppose -p + 2*p = 0. Suppose n + 2*n + 2313 = p. What is the units digit of n/(-21) - 6/(-21)?
7
Let g(d) = 4*d + 23. Let v = -64 + 71. What is the tens digit of g(v)?
5
What is the hundreds digit of ((-9)/(-15))/((-8)/(-12720))?
9
Let n = -1156 + 1632. What is the hundreds digit of n?
4
Let x be 74/(-14) - 10/(-35). What is the units digit of ((-239)/5*2)/(2/x)?
9
Let x(i) = -i - 6. Let s be x(-10). Let q = 13 + s. Suppose q + 5 = 2*b. What is the units digit of b?
1
Suppose 1118*p - 1109*p = 3996. What is the hundreds digit of p?
4
Let s be 2/(-4) + 28/8. Suppose -s*i + 51 = -60. What is the units digit of i?
7
Let r = -6 - -9. Suppose 0 = -r*s + 58 + 56. Let d = s + -25. What is the tens digit of d?
1
Let m be -3*4/(-15) - 231/(-55). Suppose 5*l = m*q - 1215, -l = q - 3*q + 489. What is the units digit of q?
6
Suppose -4*t = 772 - 2448. Let o = -293 + t. Suppose 4*v + 2*x - o = 4, 143 = 5*v - 4*x. What is the units digit of v?
1
Let d = -20 - -3. Let t = -16 - d. What is the units digit of t?
1
Let f = -38 - -197. What is the units digit of f?
9
Suppose -s + 15*d + 1723 = 11*d, 4*s = -4*d + 6912. What is the units digit of s?
7
Suppose 5*n + 3*a = 4, -3*n + 4*n + 4 = -3*a. Let f be 3 + (1 - n) + -4. What is the tens digit of (105/(-2))/7*f?
1
Suppose 732 = -9*f + 11*f. What is the units digit of f?
6
Let w = -632 + 984. What is the tens digit of w?
5
Suppose -25 = 5*p, -3*a - p = a - 315. What is the tens digit of a?
8
Suppose 4*x = l + 9, -2*l + 7 = 4*x - 11. Suppose 2*n + o - 106 = 2*o, 5*n + l*o = 254. What is the units digit of n?
2
Let m(s) = s - 17. Let y be m(20). What is the tens digit of (y + (0 - -114))/(1 + 0)?
1
Let j = 3502 - 1457. What is the tens digit of j?
4
Let g(d) = 2*d**3 - d**2. Let k(a) = -a**3 + 7*a**2 + 2*a - 9. Let m be k(7). Let f be (2 + 16/(-10))*m. What is the tens digit of g(f)?
1
Let k = 9 + -9. Suppose 0 = 5*t - 5 - k. What is the units digit of (-12)/t*12/(-8)?
8
Let v be (-2)/4 + 3*6/36. Suppose -4*z = 5*a - 290, -5*a + 5*z + 105 + 140 = v. What is the units digit of a?
4
Suppose -20694 + 6102 = -19*p. What is the units digit of p?
8
Let r(h) = 991*h - 222. What is the units digit of r(4)?
2
Let d(y) = -2*y**3 + 41*y**2 - 20*y + 53. What is the tens digit of d(18)?
1
Let k(z) = -20*z**3 - z**2 - 5*z. Let h be (1*7/(-14))/(2/8). What is the units digit of k(h)?
6
Let m = -510 - -763. What is the tens digit of m?
5
What is the hundreds digit of (-819)/(-42)*128/6?
4
Suppose -2*y = 3*j + 5, -2*y - 4 = 2*y. Let b = 1 - j. Suppose z - b*z + 52 = 3*v, -2*v - 3*z = -23. What is the tens digit of v?
1
Suppose 10*g - 7*g - 27 = 0. Let h(l) = -l**2 + 12*l. What is the units digit of h(g)?
7
What is the units digit of (835/5 - 0)*(-1 + 2)?
7
Let l = 1656 + -694. What is the units digit of l?
2
Let i = -80 + 80. Suppose i = 11*c - 12*c + 99. What is the tens digit of c?
9
Suppose 12 = -3*l + 2*m, 5*l + m + 41 = 8. Let s = 11 + l. Suppose -s*j = 5*t - 57 + 12, 0 = -2*j - t + 13. What is the units digit of j?
4
Let c be ((-1)/(-2))/(4/40). Suppose 448 = c*g - 12. What is the tens digit of g?
9
Let g(v) = v**2 - 10*v + 12. Let i be g(9). What is the tens digit of 0 + 6 - i/1 - -86?
8
Let b = 38 + -35. What is the units digit of b - 35/5 - -58?
4
Let v(u) = 9*u - 54. Suppose 0 = 2*g - 10, -4*j + 93 = -5*g + 10. What is the hundreds digit of v(j)?
1
Let v(z) = 25*z**2 + 19*z - 45. What is the tens digit of v(5)?
7
Let l = 223 - 152. Suppose l = c + n, -c + 4*c + 2*n - 214 = 0. What is the tens digit of c?
7
Let k = -187 - -282. Let y = -6 + 11. Suppose -4*h + 127 = -2*q - k, 28 = h + y*q. What is the tens digit of h?
5
Suppose 6*f = -11 + 35. Suppose 4*g + f*h - 45 = -h, 4*g - h - 15 = 0. What is the units digit of g?
5
Let n(o) = -o. Let q be n(-2). Let u(v) = 33*v + 3. What is the units digit of u(q)?
9
Suppose -2*q = q - 273. Suppose 19 - q = -3*k. Suppose u + 6 = -3*p, 5*u - 4*p + p = k. What is the units digit of u?
3
Let k be 1 - (47 + 4)*-1. Suppose -2*i + 48 = 5*c, -3*c + k = 2*i - 0*i. What is the tens digit of i?
2
Let h(c) be the second derivative of c**5/10 - 2*c**4/3 - 2*c**3/3 + 19*c**2/2 - 21*c. What is the units digit of h(6)?
9
Let q be ((-14)/7)/((-1)/5). Suppose u + 303 = 3*o, -2*u - q = -4. What is the tens digit of o?
0
Suppose -78*d = -74*d - 24. Suppose -x - 960 = -d*x. What is the tens digit of x?
9
Suppose -w = -2*m + 6*m - 11, -w = -2*m + 1. Suppose -164 = -3*a + m*a. Suppose 4*n = -4*u + a, 0 = 5*n - 8 - 12. What is the tens digit of u?
3
Let k = 25 + -22. Suppose -5 = k*t - 17. Suppose -t*i + 171 = -i. What is the tens digit of i?
5
Let z(w) = w**3 + w**2 + 14. Suppose 0 = 4*a - 5 - 11. Let t = 4 - a. What is the units 